s divided by 7.
6
Calculate the remainder when 64616 is divided by 121.
2
What is the remainder when 211819 is divided by 356?
355
Calculate the remainder when 840 is divided by 33.
15
What is the remainder when 143589 is divided by 579?
576
Calculate the remainder when 7711 is divided by 3615.
481
Calculate the remainder when 257668 is divided by 21472.
4
Calculate the remainder when 20288 is divided by 1127.
2
Calculate the remainder when 2820 is divided by 151.
102
What is the remainder when 2894 is divided by 252?
122
What is the remainder when 1694 is divided by 104?
30
Calculate the remainder when 12293 is divided by 1002.
269
What is the remainder when 40278 is divided by 57?
36
What is the remainder when 384255 is divided by 304?
303
Calculate the remainder when 116311 is divided by 28.
27
Calculate the remainder when 7260 is divided by 149.
108
What is the remainder when 13329 is divided by 260?
69
Calculate the remainder when 7565157 is divided by 15.
12
Calculate the remainder when 36500 is divided by 77.
2
Calculate the remainder when 42925 is divided by 377.
324
Calculate the remainder when 40606 is divided by 751.
52
What is the remainder when 13454 is divided by 115?
114
Calculate the remainder when 40869 is divided by 20428.
13
What is the remainder when 101861 is divided by 842?
821
What is the remainder when 193127 is divided by 130?
77
What is the remainder when 896 is divided by 300?
296
Calculate the remainder when 12163 is divided by 61.
24
What is the remainder when 2434 is divided by 1156?
122
What is the remainder when 3071 is divided by 250?
71
What is the remainder when 6768 is divided by 35?
13
What is the remainder when 2386 is divided by 582?
58
What is the remainder when 176986 is divided by 14748?
10
What is the remainder when 142686 is divided by 20381?
19
What is the remainder when 208215 is divided by 8?
7
What is the remainder when 116464 is divided by 118?
116
What is the remainder when 38045 is divided by 929?
885
Calculate the remainder when 3689 is divided by 7.
0
Calculate the remainder when 52117 is divided by 1930.
7
Calculate the remainder when 446458 is divided by 420.
418
Calculate the remainder when 58367 is divided by 65.
62
Calculate the remainder when 12471 is divided by 389.
23
What is the remainder when 540 is divided by 79?
66
What is the remainder when 76891 is divided by 19214?
35
What is the remainder when 17423 is divided by 264?
263
What is the remainder when 25318 is divided by 3278?
2372
What is the remainder when 21242 is divided by 114?
38
Calculate the remainder when 7574419 is divided by 35.
34
What is the remainder when 81901 is divided by 16?
13
What is the remainder when 7062 is divided by 82?
10
What is the remainder when 2545 is divided by 245?
95
What is the remainder when 34593 is divided by 185?
183
What is the remainder when 61730 is divided by 3100?
2830
Calculate the remainder when 461 is divided by 218.
25
What is the remainder when 40957 is divided by 418?
411
Calculate the remainder when 2347 is divided by 54.
25
What is the remainder when 11336 is divided by 2265?
11
Calculate the remainder when 4902 is divided by 329.
296
Calculate the remainder when 359813 is divided by 38.
29
Calculate the remainder when 1019 is divided by 371.
277
Calculate the remainder when 659 is divided by 132.
131
Calculate the remainder when 15633 is divided by 371.
51
What is the remainder when 7368 is divided by 1836?
24
Calculate the remainder when 87045 is divided by 3108.
21
Calculate the remainder when 7596 is divided by 206.
180
What is the remainder when 116630 is divided by 455?
150
Calculate the remainder when 68876 is divided by 16.
12
Calculate the remainder when 21480 is divided by 21.
18
What is the remainder when 41997 is divided by 200?
197
What is the remainder when 134498 is divided by 1076?
1074
What is the remainder when 2812 is divided by 3?
1
Calculate the remainder when 28411 is divided by 16.
11
What is the remainder when 5477 is divided by 61?
48
What is the remainder when 232 is divided by 115?
2
Calculate the remainder when 45666 is divided by 935.
786
What is the remainder when 285175 is divided by 42?
37
What is the remainder when 252664 is divided by 452?
448
Calculate the remainder when 799136 is divided by 272.
0
What is the remainder when 247720 is divided by 30?
10
Calculate the remainder when 20606 is divided by 78.
14
Calculate the remainder when 425102 is divided by 9.
5
Calculate the remainder when 202843 is divided by 15.
13
Calculate the remainder when 20380 is divided by 1566.
22
Calculate the remainder when 148960 is divided by 344.
8
What is the remainder when 46592 is divided by 46556?
36
What is the remainder when 22694 is divided by 2024?
430
Calculate the remainder when 18154 is divided by 29.
0
What is the remainder when 5359499 is divided by 2700?
2699
What is the remainder when 342369 is divided by 171173?
23
Calculate the remainder when 18926 is divided by 6308.
2
Calculate the remainder when 7319 is divided by 207.
74
What is the remainder when 973 is divided by 204?
157
Calculate the remainder when 1743 is divided by 502.
237
Calculate the remainder when 1313759 is divided by 272.
271
What is the remainder when 154024 is divided by 13?
0
Calculate the remainder when 1462 is divided by 489.
484
Calculate the remainder when 17459 is divided by 475.
359
Calculate the remainder when 962300 is divided by 1054.
1052
What is the remainder when 15650 is divided by 24?
2
What is the remainder when 17203 is divided by 14?
11
Calculate the remainder when 3432939 is divided by 434.
433
Calculate the remainder when 130054 is divided by 217.
71
What is the remainder when 1868 is divided by 608?
44
What is the remainder when 641 is divided by 413?
228
Calculate the remainder when 33973 is divided by 274.
271
What is the remainder when 3160 is divided by 166?
6
What is the remainder when 538463 is divided by 269226?
11
Calculate the remainder when 11480 is divided by 2758.
448
What is the remainder when 18527 is divided by 2031?
248
What is the remainder when 788185 is divided by 14?
13
What is the remainder when 15230 is divided by 435?
5
What is the remainder when 6988 is divided by 973?
177
Calculate the remainder when 3468 is divided by 44.
36
What is the remainder when 194324 is divided by 17?
14
What is the remainder when 14628 is divided by 170?
8
Calculate the remainder when 832805 is divided by 416398.
9
What is the remainder when 1518 is divided by 224?
174
Calculate the remainder when 12701 is divided by 8.
5
What is the remainder when 69604 is divided by 338?
314
Calculate the remainder when 9922 is divided by 303.
226
Calculate the remainder when 3734 is divided by 1796.
142
Calculate the remainder when 1039 is divided by 113.
22
What is the remainder when 50110 is divided by 32?
30
What is the remainder when 5883 is divided by 317?
177
Calculate the remainder when 213272 is divided by 84.
80
What is the remainder when 349824 is divided by 11660?
24
Calculate the remainder when 13372 is divided by 431.
11
What is the remainder when 1632575 is divided by 1009?
13
What is the remainder when 12715 is divided by 908?
3
What is the remainder when 1447 is divided by 732?
715
Calculate the remainder when 346737 is divided by 28893.
21
Calculate the remainder when 6861 is divided by 31.
10
Calculate the remainder when 29798 is divided by 29699.
99
Calculate the remainder when 1129 is divided by 72.
49
Calculate the remainder when 231643 is divided by 173.
169
What is the remainder when 1447918 is divided by 46707?
1
What is the remainder when 2751 is divided by 122?
67
What is the remainder when 1947 is divided by 61?
56
What is the remainder when 12207 is divided by 23?
17
What is the remainder when 4118 is divided by 286?
114
Calculate the remainder when 5435 is divided by 2712.
11
What is the remainder when 3354 is divided by 1531?
292
Calculate the remainder when 52495 is divided by 16.
15
Calculate the remainder when 1551 is divided by 205.
116
What is the remainder when 1406 is divided by 20?
6
What is the remainder when 21220 is divided by 50?
20
What is the remainder when 4785 is divided by 467?
115
Calculate the remainder when 6507 is